39ab
In base 4, what is -11 + 1001323?
1001312
In base 12, what is 130 - 1b1?
-81
In base 2, what is 0 - -10100111000100?
10100111000100
In base 7, what is 1 + 411523?
411524
In base 7, what is -3230 + -11304?
-14534
In base 7, what is -110603 + -35?
-110641
In base 2, what is -101010011010 - 10101010?
-101101000100
In base 14, what is -1 - 4506?
-4507
In base 16, what is -139 - b48?
-c81
In base 10, what is -3 - 31249?
-31252
In base 14, what is -2d7 - -19c?
-139
In base 4, what is 2 + 1210001?
1210003
In base 16, what is -d - ade?
-aeb
In base 14, what is -11a + 20?
-da
In base 13, what is -a0627 - 7?
-a0631
In base 16, what is 16 + -44e7?
-44d1
In base 13, what is 1768 - -21?
1789
In base 6, what is -2 + -52243?
-52245
In base 8, what is -13 + 6427?
6414
In base 6, what is 254545 - -310?
255255
In base 7, what is -454 + -1254?
-2041
In base 11, what is 2164 + 31?
2195
In base 16, what is 1c - 890e?
-88f2
In base 10, what is -7815 + 282?
-7533
In base 3, what is -10000 - -1202211?
1122211
In base 7, what is -2 + 63461?
63456
In base 3, what is 20 - -20210211?
20211001
In base 6, what is 14254 + -51?
14203
In base 16, what is 0 - -8b94?
8b94
In base 2, what is 100 - -1101100110110001?
1101100110110101
In base 7, what is 2 - -113463?
113465
In base 15, what is 96 + 669?
710
In base 9, what is 77 + -788?
-711
In base 6, what is 0 + 1023301?
1023301
In base 16, what is -d53b + 0?
-d53b
In base 5, what is 432 - 1021?
-34
In base 16, what is 2c + -315?
-2e9
In base 9, what is 0 - -1327466?
1327466
In base 8, what is 150 - 6240?
-6070
In base 5, what is -41 + 144001?
143410
In base 2, what is -11100101110 + 1001?
-11100100101
In base 13, what is -1 - 6322?
-6323
In base 15, what is 1 + -2b962?
-2b961
In base 11, what is -2 + -1547?
-1549
In base 3, what is 101022112 - 0?
101022112
In base 5, what is -1003010 + -3?
-1003013
In base 3, what is 10001110 + 100202?
10102012
In base 13, what is 7 - 3425?
-341b
In base 8, what is -11 - -77774?
77763
In base 13, what is 619b - -2?
61a0
In base 15, what is -34 - 1?
-35
In base 13, what is -9 - bcb53?
-bcb5c
In base 14, what is -11cc - -16?
-11b6
In base 16, what is -d - e2?
-ef
In base 8, what is 33 + -32333?
-32300
In base 15, what is -5db - d9?
-6c5
In base 2, what is 1001111010010001011000 - -10?
1001111010010001011010
In base 11, what is -62 - 62?
-114
In base 14, what is -7a0 + 45?
-759
In base 14, what is -18 - -2179?
2161
In base 5, what is 14412 - 2020?
12342
In base 8, what is 43 - 44167?
-44124
In base 15, what is 41 - -5053?
5094
In base 4, what is -1201 + 13230?
12023
In base 8, what is 3 - -713641?
713644
In base 11, what is 13 + -36?
-23
In base 16, what is 0 - 9a1f?
-9a1f
In base 9, what is 3517 + -408?
3108
In base 15, what is 166a3a + -4?
166a36
In base 3, what is -102120 - 10120010?
-10222200
In base 8, what is 152425 + 3?
152430
In base 13, what is 16c02 + 10?
16c12
In base 16, what is 1 + 286de?
286df
In base 15, what is 5 + -5da1?
-5d9b
In base 5, what is -212102 - 1320?
-213422
In base 7, what is 400 + -22?
345
In base 6, what is -123554 - -10?
-123544
In base 2, what is 1101010110 - 10011110?
1010111000
In base 16, what is 107d + 14?
1091
In base 5, what is 311104 + 3?
311112
In base 10, what is 292 - -4849?
5141
In base 8, what is 31342 + 31?
31373
In base 16, what is 3 + ad6?
ad9
In base 12, what is 192b1 - 2?
192ab
In base 11, what is 22971 - -26?
22997
In base 5, what is -11131 - -141?
-10440
In base 5, what is -2004 - 1024122?
-1031131
In base 12, what is 4 - 1a1?
-199
In base 16, what is -5 + -c994?
-c999
In base 9, what is -162 - -448?
276
In base 13, what is 115 - -b81?
c96
In base 10, what is -15382 + -33?
-15415
In base 10, what is 69436 - 2?
69434
In base 16, what is 10024 - -7?
1002b
In base 12, what is -39 - 328?
-365
In base 7, what is 4 - -3324?
3331
In base 7, what is -3 - -11544?
11541
In base 2, what is -1101011101011 - -100111001?
-1100110110010
In base 10, what is -3 - -1104831?
1104828
In base 9, what is 2 - -28886?
28888
In base 12, what is -5a86 - -4a?
-5a38
In base 9, what is 1440 + -60?
1370
In base 6, what is -14233 + -13?
-14250
In base 3, what is 22101 - -201111?
1000212
In base 13, what is -72634b - 1?
-72634c
In base 2, what is 11000000100 + -10110110100?
1010000
In base 9, what is -116676 + 5?
-116671
In base 6, what is 0 - 340302?
-340302
In base 8, what is -32211 - 76?
-32307
In base 4, what is -1032 - -123311?
122213
In base 9, what is 5368 - 25?
5343
In base 13, what is 153 - -2161?
22b4
In base 6, what is 1350243 + -4?
1350235
In base 13, what is a774b9 + 3?
a774bc
In base 4, what is 10 - -21000?
21010
In base 13, what is 55733 + -3?
55730
In base 4, what is 21220330 - -1?
21220331
In base 15, what is a39 + 2d?
a67
In base 14, what is -dcdb + 1a?
-dcc1
In base 12, what is -35 - 8044?
-8079
In base 4, what is 10 + -3311201?
-3311131
In base 13, what is -57 + -2148?
-21a2
In base 13, what is -b + 425?
417
In base 11, what is -57 + -53?
-aa
In base 10, what is 1 - 154525?
-154524
In base 8, what is 1043 + -626?
215
In base 9, what is -7234585 + -4?
-7234600
In base 9, what is 12337 + -13?
12324
In base 8, what is 5 - -21305?
21312
In base 7, what is -3140452 + -4?
-3140456
In base 4, what is 11110222 + 11?
11110233
In base 14, what is 159471 - 0?
159471
In base 13, what is -162470 - 4?
-162474
In base 15, what is 9482 - -5?
9487
In base 13, what is -34a + -227?
-574
In base 10, what is -4572 + -8?
-4580
In base 12, what is -11177 - -2a?
-11149
In base 8, what is 3 + 54113?
54116
In base 14, what is -371 - -4a?
-325
In base 11, what is -72 - -2741?
267a
In base 12, what is -1 + 104ab?
104aa
In base 13, what is -115a36 - 3?
-115a39
In base 3, what is -20 + -101101000?
-101101020
In base 2, what is -111100101010 + 1000011?
-111011100111
In base 10, what is -156987 - 11?
-156998
In base 14, what is -678 - -a41?
3a7
In base 9, what is 1 - 46418?
-46417
In base 14, what is 1dc5d + -2?
1dc5b
In base 12, what is 98a914 + -1?
98a913
In base 12, what is -26 - 124b?
-1275
In base 8, what is -357 - 314?
-673
In base 15, what is -5346 + 2?
-5344
In base 15, what is 10 - -a7?
b7
In base 13, what is -5c - -2a6?
247
In base 9, what is -1 + -122353?
-122354
In base 4, what is -320 + -1211113?
-1212033
In base 9, what is 21387312 - -5?
21387317
In base 14, what is 0 - caa94?
-caa94
In base 5, what is -2 - -31112233?
31112231
In base 3, what is -2120121022 - -12?
-2120121010
In base 13, what is 23699 + 0?
23699
In base 4, what is -3 + -23311320?
-23311323
In base 2, what is -10101001 - 1001010111011?
-1001101100100
In base 6, what is 235154 - -3?
235201
In base 13, what is 9aa84 + 5?
9aa89
In base 14, what is 4 + -45ba?
-45b6
In base 6, what is -5 + -300443?
-300452
In base 13, what is 967 - -a5?
a3c
In base 2, what is 11011001 + 1010001?
100101010
In base 12, what is 4658 - 8?
4650
In base 12, what is 3 - 72777?
-72774
In base 2, what is 1010100011 + 110100?
1011010111
In base 5, what is -1042201412 + 4?
-1042201403
In base 4, what is -100 + 3223?
3123
In base 9, what is -1078234 - 5?
-1078240
In base 7, what is -4244 - 60?
-4334
In base 3, what is 102022101 + 12102?
102111210
In base 7, what is 10536 - 114?
10422
In base 2, what is 10 + 111000001001?
111000001011
In base 14, what is 5 - 2975b?
-29756
In base 4, what is 132332301 - 10?
132332231
In base 11, what is -29a8 + 67?
-2941
In base 10, what is 131695 - 4?
131691
In base 14, what is -6 + -150022?
-150028
In base 16, what is -33 + 183?
150
In base 9, what is 174407 + -5?
174402
In base 5, what is -122342 + -2?
-122344
In base 9, what is 2262 - -1?
2263
In base 2, what is 100110100110011 + 101?
100110100111000
In base 4, what is 1 - -3202001?
3202002
In base 7, what is 1026 - -21655?
23014
In base 2, what is -1101 - 11011100001?
-11011101110
In base 15, what is c101 - -20?
c121
In base 12, what is -1 - -22276?
22275
In base 10, what is -51 + -363?
-414
In base 12, what is 157 + -ba?
59
In base 10, what is -46 + 11396?
11350
In base 11, what is -11 - -2a30?
2a1a
In base 9, what is -2564422 - -1?
-2564421
In base 13, what is 1298 - -19?
12b4
In base 5, what is 1223 + -13042?
-11314
In base 11, what is 990 + 76?
a56
In base 7, what is 14 - -614445?
614462
In base 2, what is 0 + -1011000010111?
-1011000010111
In 